u + 5*u - 13 + 4*u**3 + 9*u - 30*u**2. Let z(d) = -3*d**3 + 18*d**2 - 14*d + 9. Let w(f) = -5*y(f) - 7*z(f). Give w(-5).
12
Let b(g) be the third derivative of g**6/120 + g**5/6 + 7*g**4/24 - 5*g**3/6 - 23*g**2 + 3*g - 10. Give b(-9).
13
Let b = 32725 + -32721. Let i(f) = f + 1. Let s(c) = -c. Let d(x) = -2. Let k(z) = -d(z) - s(z). Let q(g) = -5*i(g) + 4*k(g). Give q(b).
-1
Suppose -3*z + 10 = -14. Let j(h) = 6 + 5*h - 3*h + 2 - 2 - 25. Give j(z).
-3
Suppose 17*r = 10*r + 14. Suppose 0 = -10*w + 8*w - 5*g + 2, w = -3*g + r. Let j(f) = 2*f + 6. Give j(w).
-2
Let t(y) be the first derivative of y**4/4 - 5*y**3/3 + y**2 - 7*y + 47. Let c(d) = -2*d**3 + 9*d**2 - 2*d + 14. Let u(v) = 2*c(v) + 5*t(v). Give u(6).
-7
Let w(q) = -q**2 - 7*q + 11. Let l be w(0). Suppose -5*b + 7*y - 2 = l*y, -2*y - 6 = 5*b. Let x(i) = -i**2 - 2*i. What is x(b)?
0
Let a(p) be the second derivative of -1/4*p**4 + 1/3*p**3 - 10*p + 1/20*p**5 - 1/2*p**2 + 0. Suppose -6*h + 8*h = 3*i + 4, -5*i + h + 5 = 0. Give a(i).
-1
Let b(l) be the first derivative of -3*l**2/2 - 25*l - 176. Give b(-14).
17
Suppose 0 = -0*o + 4*o + 8. Let u(a) be the third derivative of -1/12*a**4 - a**2 - 1/6*a**3 + 0*a - 22. What is u(o)?
3
Let f be 7/5 + 20/(-50) + 1. Let x(a) = -a**2 + 7*a + 16 + 5 - a**f - 17 + 3*a**2. Give x(-5).
-6
Let g(s) = 290 + s + 292 + 290 - 1159 + 290. Let o be 8/(-10)*(-5)/1. Suppose 27 = -o*w + w. Determine g(w).
-6
Suppose 55*y = -5*d + 52*y + 34, -34 = -d - 4*y. Let n(f) = -f**3 + 5*f**2 - 7*f + 7. What is n(d)?
5
Let v = 57 - 53. Suppose 2*x = -3*o - 19, x = -v*o + 3*o - 7. Let a(d) = -20*d**2 + 8*d + 9*d**2 + 12*d**2 + 6. What is a(o)?
-9
Let u(y) be the second derivative of -y**4/24 - y**3/2 + 101*y**2/2 + 2*y + 126. Let m(q) be the first derivative of u(q). Give m(0).
-3
Let n(a) = -a**3 - 17*a**2 - 29*a + 15. Suppose d + 4*d - 70 = 4*m, -5*d - 35 = 3*m. Give n(m).
0
Let d be 1/(-4) + (-51)/(-12). Let n(q) = 5*q**3 - q**2. Let u be 13 - 7*2/7. Let x(t) = 27*t**3 - 3*t**2 - t. Let z(w) = u*n(w) - 2*x(w). Determine z(d).
-8
Let k(n) = -48*n + 46. Let u(f) = -14*f + 15. Let v(t) = -3*k(t) + 10*u(t). What is v(-2)?
4
Let m(u) = u**3 - 13*u**2 - 4*u - 3. Suppose 24 = r - 7*f - 10, 5*r = -3*f + 56. Determine m(r).
-55
Let p(o) = -4*o + 2. Suppose 95*r + 166*r - 378 = 1188. What is p(r)?
-22
Let o(k) be the first derivative of -3/2*k**2 - 1/4*k**4 - 225 - 1/3*k**3 - 4*k. What is o(-3)?
23
Let l(v) = 2*v**2 - 13*v + 9. Suppose -2*b = 513 - 529. Determine l(b).
33
Let i(u) = 3*u - 1. Let m be i(-1). Let g be m/(12 + 0) + (-8)/3. Let k(o) = 4*o**2 + o - 5. Let a(b) = -5*b**2 + b + 4. Let n(q) = g*a(q) - 4*k(q). Give n(-7).
8
Let j = -25 + 32. Suppose -17 - j = -6*i. Let o(x) = -x + 7. Let p(t) = 2*t - 11. Let s(y) = 8*o(y) + 5*p(y). Determine s(i).
9
Let r be (((-2)/(-5))/(36/(-180)))/(-2). Let n(b) be the third derivative of -b**6/30 + b**4/24 + 3*b**2. What is n(r)?
-3
Suppose 29*z - 280 = 33*z. Let j = z - -77. Let t(v) = v**3 - 6*v**2 - 8*v + 7. Calculate t(j).
0
Let l(u) = u - 1. Let w(d) = 5*d + 1. Let p(h) = -6*l(h) + w(h). Let n(x) = -x + 9. Let t(v) = 4*n(v) - 5*p(v). What is t(-1)?
0
Let n(y) = 5*y**3 - y**2. Let s = 41 + -41. Suppose 4*d = t + 105, 2*d + s*d + 438 = -4*t. Let w = t - -108. What is n(w)?
-6
Let r(o) be the first derivative of o**4/8 + 4*o**3/3 + 16*o**2 - 24. Let v(c) be the second derivative of r(c). Determine v(-7).
-13
Let h(t) = -67*t**3 + 10*t**2 + 3*t + 1. Let d(z) = -257*z**3 + 39*z**2 + 11*z + 4. Let p(u) = 6*d(u) - 23*h(u). What is p(2)?
3
Suppose -173 = 10*d - 253. Let u(w) = w**2 - 18*w + 11. What is u(d)?
-69
Let v be 1 - (-6 - ((-16)/(-20) + 640/(-50))). Let n(c) = 2*c**3 + 5*c**2 - 4*c + 10. Give n(v).
-95
Let v(b) = -b**2 - 8*b + 9. Let z be (-1)/8 + 3230/(-272). Let u(x) = x**2 + 14*x + 17. Let k be u(z). Determine v(k).
16
Suppose 64 = -4*b - l, -3*b - 2*l - 58 + 5 = 0. Let w(i) = -4*i - 36. Determine w(b).
24
Let k(t) = -t - 3. Suppose 5*l + p - 10 = 5*p, 5*p = 0. Suppose l*v + 3*q + q = 22, -2*v - 2*q = -14. Give k(v).
-6
Suppose -2*o + 16 = 2*o. Suppose -o*t - 19 = 3*g, 0 = 6*g - g + 4*t + 29. Let f(z) = 4*z + 3. Let w(i) = -5*i - 3. Let d(j) = -4*f(j) - 3*w(j). Calculate d(g).
2
Suppose 4*d + d - 130 = 0. Suppose 0*h - v - 63 = 2*h, -h - 9 = -4*v. Let o = h + d. Let r(t) = 3*t - 4. What is r(o)?
-13
Let c(w) = -w + 3. Let o be c(-2). Let a be 12/8*10/o. Let y(b) = a*b - 1 - b + 6*b. What is y(2)?
15
Suppose -s + 0*s = -2. Let n(y) = y**3 - 2*y + 3 - 3*y**s - y - 5*y. Let k(w) = 3*w**3 - 152*w**2 + 88*w + 605. Let g be k(50). Give n(g).
13
Suppose 0*f = f - 18. Let w(h) = -32 - 12*h**2 + 42 - h**3 - f + 12*h. Give w(-13).
5
Let p(m) = 29*m. Let w(y) = 22*y. Let a(b) = 3*p(b) - 4*w(b). Suppose -2*o - 6 = 0, -5*h - 5*o - 19 = 21. Give a(h).
5
Let z = 149 + -131. Let x(y) = -y**2 + 26 - 1 + 6*y - z. Determine x(7).
0
Let f(m) = -2*m - 1. Let h(p) = 5*p - 13. Let u be h(3). Let i = u - -1. What is f(i)?
-7
Let i(s) = -11 + 19 + 9*s - 10*s. Let w be i(5). Suppose -k - n = -3*k + 6, w*n = 3*k - 3. Let r(d) = -d + 6. Determine r(k).
1
Let p(i) = -23*i**2 + 2*i - 7. Let g(h) = 9*h**2 + 3. Let n(d) = 5*g(d) + 2*p(d). Let c(b) = -b - 1. Let j be c(-5). Give n(j).
1
Let q(j) = -5*j**2 + 25*j - 34. Let z be (1/4)/(34/816). Give q(z).
-64
Suppose -5*w + 9 = x, -21*x + 5*w = -26*x + 25. Let p(v) be the third derivative of v**6/120 - v**5/12 + v**4/6 - v**3/3 - 3*v**2. Calculate p(x).
-2
Let n(a) = -a**2 + 2*a + 5. Suppose 2*r = 5*h - 33 + 11, -r + 2*h - 9 = 0. Let q be r/((-545)/(-135) + -4). Let c be 35/6 - 4/(3 + q). Determine n(c).
-19
Let r = 4 - 1. Let v be (-4)/(-18) + 364/63. Let o(n) = -2*n + 5*n**3 - 3*n**3 - n - 5*n**2 - 3 + v*n. Give o(r).
15
Let f(w) = -w**3 + 6*w**2 + 7*w + 9. Suppose 0 = -24*c + 10*c - 14. Let y(s) = s. Let o(g) = c*f(g) - y(g). Give o(7).
-16
Suppose 2*w - 10 = -0*w. Suppose -5*v - 6 = 3*y - 2, 12 = 5*y - v. Let r(g) = -61*g**2 + 3*g + 31*g**2 + 29*g**y - 8 + 6. Determine r(w).
-12
Let t(k) be the third derivative of -k**5/120 - k**4/12 + 158*k**3/3 - 9*k**2 - 12. Let i(b) be the first derivative of t(b). What is i(5)?
-7
Suppose -20*w - 15 = -55. Let k(c) = 24*c + 28*c + c**2 - w + 5 + 22*c - 81*c. Determine k(2).
-7
Let j(t) = -788 + 7*t**2 - 4*t - 29*t**2 + 23*t**2 + 791. Let m(q) = -q**3 - q**2 - 1. Let n be m(-1). Let i = 5 + n. What is j(i)?
3
Let z(f) = -f**3 + 7*f**2 - 4*f. Let m be z(6). Let o(j) be the first derivative of -j**2/2 + 14*j + 5976. Determine o(m).
2
Let w be 3/((54/12)/3). Suppose w*b = 5*j + 26, 4*j = -5*b + 8*j + 48. Let h(d) = -d**3 + 8*d**2 + d - 9. What is h(b)?
-1
Suppose 17*i = 3626 - 277. Let u(v) = 191*v + 7 - i*v + 17*v**2 - 18*v**2. Let m(j) = j**3 + j**2 + 2*j. Let p be m(-2). Give u(p).
-9
Let o(a) = -2620*a + 7*a**2 - 4*a**2 + 2*a**3 - a**3 + 2617*a. Let m = 3 + 15. Let g = m - 21. Calculate o(g).
9
Let y = -167 + 167. Suppose 3*b - 12 = -y*b + 3*o, -3*b - o = 0. Let f(d) be the second derivative of -7*d**4/12 + d**3/6 - d**2/2 - 3*d. Calculate f(b).
-7
Let u be (12/51)/(6/204). Let m(v) = 12*v + 8. What is m(u)?
104
Suppose -2*z - 5 = -3*z. Let f(h) = 4*h + z*h + 3*h - 4*h. Suppose 65*s - 3*s + 91 - 29 = 0. Determine f(s).
-8
Let n(m) = m + 2. Suppose 45 = 20*a - 19*a. Suppose 0 = 2*w + y + 14, 4*w + 5*y = 5 - a. Give n(w).
-3
Let o(h) = -h**3 + 14*h**2 - 12*h - 5. Let g(p) = 9 + 3*p**2 - 5*p**2 + 3*p**2 - 12. Let r be g(4). Calculate o(r).
8
Let i(j) = -5 + 0 + 4*j + 1. Let q = -33989 - -33982. Determine i(q).
-32
Let j(u) be the third derivative of u**9/6048 - u**6/720 - u**5/10 - 13*u**3/6 - 183*u**2. Let z(f) be the third derivative of j(f). What is z(-1)?
-11
Let n(d) be the second derivative of -1/3*d**4 + 75*d - 1/3*d**3 - 1/20*d**5 + 0 + 0*d**2. What is n(-3)?
-3
Let q(k) = 12*k**2 + 23*k - 119. Let z(p) = 19*p**2 + 37*p - 178. Let f(d) = -8*q(d) + 5*z(d). Give f(8).
6
Let i be (-511)/28*(-3 + -1). Let d = i - 55. Suppose 0 = 22*s - d*s - 20. Let b(l) = l**2 - 5*l - 1. Calculate b(s).
-1
Suppose 76*k = 65*k + 22. Let r(b) = b**k - 2*b**2 + 104*b + 0*b**2 - 91*b - 21. Determine r(12).
-9
Let f(g) = -17*g**2 + g**3 + 27 + 0*g**3 + 554230*g - 554202*g. Give f(15).
-3
Suppose -8*q = -4*q + 24. Let d(z) = z**2 - 1. Suppose 69*a - 62*a + 21 = 0. Let w(p) = -2*p**2 - 